{"id":405,"date":"2024-02-03T16:36:30","date_gmt":"2024-02-03T16:36:30","guid":{"rendered":"https:\/\/creagil.fr\/?page_id=405"},"modified":"2024-02-25T11:45:55","modified_gmt":"2024-02-25T11:45:55","slug":"presentation","status":"publish","type":"page","link":"https:\/\/creagil.fr\/index.php\/presentation\/","title":{"rendered":"Pr\u00e9sentation"},"content":{"rendered":"\n<h3 class=\"wp-block-heading has-text-align-center\" style=\"padding-top:var(--wp--preset--spacing--10);padding-right:var(--wp--preset--spacing--50);padding-bottom:var(--wp--preset--spacing--10);padding-left:var(--wp--preset--spacing--50)\">Je m&rsquo;appelle Gilbert et je suis retrait\u00e9 depuis peu. J&rsquo;ai commenc\u00e9 \u00e0 fabriquer, graver, imprimer quelques petites choses en bois, papier en impression 3D pour mes petits enfants et au fur et \u00e0 mesure, j&rsquo;ai pris go\u00fbt \u00e0 ce petit job.<\/h3>\n\n\n\n<h3 class=\"wp-block-heading has-text-align-center\">Aujourd&rsquo;hui, je me lance en micro-entrepreneur pour vous en faire profiter aussi.<\/h3>\n\n\n\n<h3 class=\"wp-block-heading has-text-align-center\" style=\"padding-top:var(--wp--preset--spacing--10);padding-bottom:var(--wp--preset--spacing--10)\">J&rsquo;esp\u00e8re que toutes ces petites choses vous plairons.<\/h3>\n\n\n\n<h3 class=\"wp-block-heading has-text-align-center\" style=\"padding-top:var(--wp--preset--spacing--10);padding-bottom:var(--wp--preset--spacing--10)\">Si vous \u00eates int\u00e9ress\u00e9s, n&rsquo;h\u00e9sitez pas \u00e0 me contacter et \u00e0 passer une petite commande.<\/h3>\n\n\n\n<h3 class=\"wp-block-heading has-text-align-center\" style=\"padding-top:var(--wp--preset--spacing--10);padding-bottom:var(--wp--preset--spacing--10)\">Merci \u00e0 vous.<\/h3>\n\n\n\n<h3 class=\"wp-block-heading has-text-align-center\" style=\"padding-top:var(--wp--preset--spacing--10);padding-bottom:var(--wp--preset--spacing--10)\">                                                                   Gilbert<\/h3>\n\n\n\n<p><\/p>\n","protected":false},"excerpt":{"rendered":"<p>Je m&rsquo;appelle Gilbert et je suis retrait\u00e9 depuis peu. J&rsquo;ai commenc\u00e9 \u00e0 fabriquer, graver, imprimer quelques petites choses en bois, papier en impression 3D pour mes petits enfants et au fur et \u00e0 mesure, j&rsquo;ai pris go\u00fbt \u00e0 ce petit job. Aujourd&rsquo;hui, je me lance en micro-entrepreneur pour vous en faire profiter aussi. J&rsquo;esp\u00e8re que [&hellip;]<\/p>\n","protected":false},"author":1,"featured_media":0,"parent":0,"menu_order":0,"comment_status":"closed","ping_status":"closed","template":"","meta":{"footnotes":""},"jetpack_sharing_enabled":true,"_links":{"self":[{"href":"https:\/\/creagil.fr\/index.php\/wp-json\/wp\/v2\/pages\/405"}],"collection":[{"href":"https:\/\/creagil.fr\/index.php\/wp-json\/wp\/v2\/pages"}],"about":[{"href":"https:\/\/creagil.fr\/index.php\/wp-json\/wp\/v2\/types\/page"}],"author":[{"embeddable":true,"href":"https:\/\/creagil.fr\/index.php\/wp-json\/wp\/v2\/users\/1"}],"replies":[{"embeddable":true,"href":"https:\/\/creagil.fr\/index.php\/wp-json\/wp\/v2\/comments?post=405"}],"version-history":[{"count":10,"href":"https:\/\/creagil.fr\/index.php\/wp-json\/wp\/v2\/pages\/405\/revisions"}],"predecessor-version":[{"id":653,"href":"https:\/\/creagil.fr\/index.php\/wp-json\/wp\/v2\/pages\/405\/revisions\/653"}],"wp:attachment":[{"href":"https:\/\/creagil.fr\/index.php\/wp-json\/wp\/v2\/media?parent=405"}],"curies":[{"name":"wp","href":"https:\/\/api.w.org\/{rel}","templated":true}]}}