{"id":615,"date":"2024-02-25T09:12:58","date_gmt":"2024-02-25T09:12:58","guid":{"rendered":"https:\/\/creagil.fr\/?post_type=product&#038;p=615"},"modified":"2024-03-02T09:51:22","modified_gmt":"2024-03-02T09:51:22","slug":"flute-a-champagne","status":"publish","type":"product","link":"https:\/\/creagil.fr\/index.php\/product\/flute-a-champagne\/","title":{"rendered":"Fl\u00fbte \u00e0 champagne"},"content":{"rendered":"<p>Gravure sur vos verres et ou vos bouteilles.Id\u00e9e de table avec une liste de nom grav\u00e9e sur la bouteille. Une naissance, un verre avec son pr\u00e9nom et plus.<br \/>Les frais d&rsquo;envoi se feront suivant la quantit\u00e9 et le poids<\/p>\n","protected":false},"excerpt":{"rendered":"<p>Fl\u00fbte \u00e0 champagne \u00e0 personnaliser<\/p>\n","protected":false},"featured_media":593,"comment_status":"open","ping_status":"closed","template":"","meta":[],"product_cat":[35],"product_tag":[],"jetpack_sharing_enabled":true,"_links":{"self":[{"href":"https:\/\/creagil.fr\/index.php\/wp-json\/wp\/v2\/product\/615"}],"collection":[{"href":"https:\/\/creagil.fr\/index.php\/wp-json\/wp\/v2\/product"}],"about":[{"href":"https:\/\/creagil.fr\/index.php\/wp-json\/wp\/v2\/types\/product"}],"replies":[{"embeddable":true,"href":"https:\/\/creagil.fr\/index.php\/wp-json\/wp\/v2\/comments?post=615"}],"wp:featuredmedia":[{"embeddable":true,"href":"https:\/\/creagil.fr\/index.php\/wp-json\/wp\/v2\/media\/593"}],"wp:attachment":[{"href":"https:\/\/creagil.fr\/index.php\/wp-json\/wp\/v2\/media?parent=615"}],"wp:term":[{"taxonomy":"product_cat","embeddable":true,"href":"https:\/\/creagil.fr\/index.php\/wp-json\/wp\/v2\/product_cat?post=615"},{"taxonomy":"product_tag","embeddable":true,"href":"https:\/\/creagil.fr\/index.php\/wp-json\/wp\/v2\/product_tag?post=615"}],"curies":[{"name":"wp","href":"https:\/\/api.w.org\/{rel}","templated":true}]}}