{"id":716,"date":"2024-02-25T14:34:08","date_gmt":"2024-02-25T14:34:08","guid":{"rendered":"https:\/\/creagil.fr\/?post_type=product&#038;p=716"},"modified":"2024-03-01T08:07:39","modified_gmt":"2024-03-01T08:07:39","slug":"presentoir-bijoux","status":"publish","type":"product","link":"https:\/\/creagil.fr\/index.php\/product\/presentoir-bijoux\/","title":{"rendered":"Pr\u00e9sentoir bijoux"},"content":{"rendered":"<p>Ce pr\u00e9sentoir \u00e0 bijou est MDF de 3mm.<br \/>Ses dimensions sont   37 cm de hauteur X 28 cm de large.<br \/>Les frais d&rsquo;envoi se feront suivant la quantit\u00e9 et le poids<\/p>\n","protected":false},"excerpt":{"rendered":"<p>Pr\u00e9sentoir \u00e0 bijoux<\/p>\n","protected":false},"featured_media":696,"comment_status":"open","ping_status":"closed","template":"","meta":[],"product_cat":[43],"product_tag":[],"jetpack_sharing_enabled":true,"_links":{"self":[{"href":"https:\/\/creagil.fr\/index.php\/wp-json\/wp\/v2\/product\/716"}],"collection":[{"href":"https:\/\/creagil.fr\/index.php\/wp-json\/wp\/v2\/product"}],"about":[{"href":"https:\/\/creagil.fr\/index.php\/wp-json\/wp\/v2\/types\/product"}],"replies":[{"embeddable":true,"href":"https:\/\/creagil.fr\/index.php\/wp-json\/wp\/v2\/comments?post=716"}],"wp:featuredmedia":[{"embeddable":true,"href":"https:\/\/creagil.fr\/index.php\/wp-json\/wp\/v2\/media\/696"}],"wp:attachment":[{"href":"https:\/\/creagil.fr\/index.php\/wp-json\/wp\/v2\/media?parent=716"}],"wp:term":[{"taxonomy":"product_cat","embeddable":true,"href":"https:\/\/creagil.fr\/index.php\/wp-json\/wp\/v2\/product_cat?post=716"},{"taxonomy":"product_tag","embeddable":true,"href":"https:\/\/creagil.fr\/index.php\/wp-json\/wp\/v2\/product_tag?post=716"}],"curies":[{"name":"wp","href":"https:\/\/api.w.org\/{rel}","templated":true}]}}